(r) = r**3 - 9*r. Let b(i) = -4*i**3 - 6*i**2 + 18*i - 1. Let h(p) = b(p) + 3*z(p). Calculate h(-4).
3
Let d(t) = -2*t**2 - 29*t + 16. Let z(c) = c**3 + 5*c**2 + 3*c - 19. Let w be z(-4). Give d(w).
1
Suppose 2*n + 0*n = -2. Let c(l) = 10*l - 4. Let y(j) = -11*j + 5. Let q(o) = 6*c(o) + 5*y(o). Determine q(n).
-4
Let o(a) = 23 + 5*a - a - 7 - 14. Give o(-3).
-10
Let i(n) = -n - 4. Suppose 3*q + 90 = -0*q. Let u = -19 - q. Let v = u + -14. What is i(v)?
-1
Let c(b) = -20 + 49*b - 154*b + 52*b + 55*b. Determine c(9).
-2
Let d(w) = w**3 + 7*w**2 + 6*w - 6. Let q be -9*18/27 - 0. What is d(q)?
-6
Let l(a) be the second derivative of -a**4/12 + 2*a**2 + 13*a + 6. Let v = 1 + 2. Give l(v).
-5
Suppose -25 + 7 = -6*q. Let v(u) = -4*u + 11 + 2*u + q*u - 2*u. Suppose 0*c + 7*c - 35 = 0. Determine v(c).
6
Let l(a) = a**2 - 7*a. Suppose -6*i + 133 = i. Let f = 25 - i. What is l(f)?
-6
Suppose -3*s + 8*s - 240 = 0. Suppose k - 10 = 5*z - s, 2*k = z - 31. Let r = 13 + k. Let o(b) = b**3 + b**2 + 6. Determine o(r).
6
Let t(q) = -4*q + 10. Suppose 57*s - 34*s = 92. What is t(s)?
-6
Let o(m) = m**2 + 1. Let a(u) = u**2 + 7*u + 6. Let z = 13 - 19. Let d be a(z). Suppose 5*n + 12 = 5*x - 3, n - 3*x + 13 = d. Calculate o(n).
5
Let q(u) = 3*u**2 - 2*u - 2. Suppose -69*k + 72*k = 6. Give q(k).
6
Suppose a = 2*y + 7, 0 = 2*a + 5*y - y + 26. Let p(u) be the second derivative of -u**4/12 - u**3/2 - u**2 + u. Calculate p(a).
-2
Let p(t) = -166*t + 1 + 345*t - 177*t + 0 - 5. Suppose -7*c + 4*c = 0. Suppose -6*y + 32 = 4*m - 2*y, 4*m - 4*y - 16 = c. Calculate p(m).
8
Let h(d) = -d**2 + 5*d - 4. Suppose -1 = 2*l - 9. What is h(l)?
0
Let o(s) = 9 - s**2 + 3 + 2*s**2 + 8. Suppose 4*m - 3*m = 0. What is o(m)?
20
Suppose -32 = -3*a - a. Suppose 0 = -5*n + n - a, -3*n = -4*j - 18. Let o(h) = -147*h + 3*h**2 + 3*h**2 + 1 + h**3 + 146*h. Calculate o(j).
7
Let f(r) = -r**3 + r**2. Let s(y) = -3*y**3 - y**2 - 1. Let m(x) = 3*f(x) + s(x). Suppose 12 = -4*d + 8. Let q be (0 - 1)/d*(9 + -10). What is m(q)?
7
Let q = 5 + -5. Let w be -4 + 1 - (-6 - q). Let n(v) = -3 - 4*v + 3*v**2 - 3*v**2 + 4 + v**2. What is n(w)?
-2
Suppose 3*x = x + 4*d + 12, -5*d = 0. Suppose 1 = l - k, -3*k = 4*l - x*k - 1. Let s(o) = -3*o**2 - 2*o + 1. Give s(l).
-7
Let q = 113 + -108. Let w(g) = -g**3 + 5*g**2 - 3. Determine w(q).
-3
Let d(x) be the third derivative of -x**6/120 + x**5/10 - 7*x**4/24 + 5*x**3/6 + 4*x**2. Let y(a) = -5*a - 75. Let c be y(-16). Calculate d(c).
-5
Suppose 0 = 3*k - 2*k - 10. Suppose 7*q - k*q = -6. Let m(i) = -4 + q - 9*i + 5*i + 3. What is m(-1)?
5
Let m(d) be the third derivative of d**4/24 + 2*d**3 + 11*d**2. Suppose -38 = 4*x - 5*k, 31 = -3*x + 2*k + 3*k. Determine m(x).
5
Let f be (-4 + 110/44)/(3/(-2)). Let m(t) = t**2 + 3*t - 2. Determine m(f).
2
Suppose u - 5*r - 19 - 5 = 0, 0 = -4*u + r + 20. Suppose -b = b - u. Let d(v) = -1 + v**2 + 0*v**2 - 3*v + 0*v**b. What is d(2)?
-3
Let k = 7 + 4. Let p(u) = -3 - u - 3*u - 17*u + 18. Let n(m) = -4*m + 3. Let f(g) = k*n(g) - 2*p(g). Determine f(2).
-1
Let u(a) = a - 7. Let b = 16 - 9. Let d(p) be the first derivative of p**3/3 - 5*p**2/2 - 8*p + 2. Let f be d(b). Calculate u(f).
-1
Suppose -j = -6*z + z - 5, -5*j - 33 = 4*z. Suppose -2*t + 3 = -m, 5*m - 11 = -2*t - t. Let f(i) = i - i**2 + 2*i**2 + 2*i**2 - m. What is f(z)?
9
Suppose -5*s - 24 = -2*s. Let a(w) = 373 - 6*w - 839 - w**2 + 476. What is a(s)?
-6
Let t(m) = -4*m**2 - 27*m + 51. Let v be t(2). Let y(d) = -d**3 - 20*d**2 - 18*d + 13. What is y(v)?
-6
Let w(u) = -4*u**2 + 161*u - 41. Let x be w(40). Let p(k) = -17*k. What is p(x)?
17
Suppose 39 = -11*i + 83. Let o(k) = 2*k + 3. Let v(n) = -n. Let w(x) = o(x) + 6*v(x). Determine w(i).
-13
Let n(t) = -3*t - 1. Let v be ((-2 - 6) + 6)/(2/7). Calculate n(v).
20
Let f(t) = 4*t + 12. Suppose 36 = h - 4*x + 30, 3*x = -4*h - 14. Give f(h).
4
Let w(o) be the second derivative of -o**5/20 - o**4 - 2*o**3/3 - 4*o**2 - 135*o + 1. Calculate w(-12).
40
Let h(l) be the first derivative of -4*l**2 - 42*l - 109. Determine h(-5).
-2
Suppose -3*h = 8 - 11. Let g(x) = -33*x. Give g(h).
-33
Let o(g) = 4*g**2 - g + 6. Let f(u) = 5*u**2 + 7. Let b(n) = -3*f(n) + 4*o(n). Suppose 0 = -c - 3*y + 5, -c - 3*y + 11 = 3*c. Give b(c).
-1
Let h(l) = 13*l - 28. Let f(a) = 5*a - 13. Let c(s) = -5*f(s) + 2*h(s). Give c(0).
9
Let g(l) = l**3 + 3*l**2 + 7*l + 11. Let p(d) = 2*d**3 - 16*d**2 + 11*d + 19. Let h be p(7). What is g(h)?
1
Let h(z) = -z**2 + 11*z - 15. Let w be h(10). Let o = w + 10. Let u(j) = j + 0*j + j**2 + 8*j - 4*j - o. What is u(-5)?
-5
Let j(x) = 4*x**2 - 3*x + 1. Suppose 12*o - 42 = -9*o. Give j(o).
11
Let t be (-12)/8 - 1/(-2). Let b(n) = 2*n - n - 54*n**3 + n**2 + 65*n**3. Calculate b(t).
-11
Let h(o) = -o + 4. Suppose q - 4 = -i, 2*i = -3*i + 10. Suppose -10 = -q*a + 4*a, 2*a = -4*w + 22. Give h(w).
-4
Suppose 0 = 25*t - 27*t - 20. Let m = t + 13. Let g(s) = -s**m - 7*s**2 + 0 + 0 + 7 + s. Give g(-7).
0
Let y(n) = -n**2 - 7. Let a(m) = m**2 - m - 8. Let c(r) = 4*a(r) - 5*y(r). Give c(2).
31
Let r(l) = 12. Let f(p) = -p - 13. Let t(n) = -5*f(n) - 6*r(n). Let w be t(2). Let b(c) = -2*c + 2. Give b(w).
-4
Let f be ((-48)/120 - (-22)/30)*0. Let v(z) = -z + 4. Give v(f).
4
Suppose 0*x - 48 = -6*x. Let b be (-1 - -2)/(x/184). Let v = b + -18. Let f(d) = d**3 - 4*d**2 - 4*d - 5. Determine f(v).
0
Let v = -50 + 70. Let f be v/(-4) + 6 + 1 + -3. Let b(r) = 7*r + 1. Determine b(f).
-6
Let r(x) = x**3 - 7*x**2 + 8*x - 6. Let c(w) = w**2 - 27*w + 182. Let o be c(16). What is r(o)?
6
Suppose b - 35 = 3. Let p(w) = 7 + b*w - 7*w**2 - 43*w - w**3 + 1. Let f be 8/20 - 64/10. Determine p(f).
2
Let x(h) = -h**2 + 9*h - 2. Let n be x(9). Let v(m) be the third derivative of m**6/120 + m**5/20 + m**4/12 - m**3/6 + m**2. Give v(n).
-1
Let f(v) = v**3 + 7*v**2 - 6*v + 3. Let j(b) = b**2 - 16*b + 13. Let x be j(16). Let c(i) = i - 21. Let t be c(x). Determine f(t).
-13
Let y = -16 + 11. Let u = -6 - -10. Let t(d) = 0*d + u - d - 5. Determine t(y).
4
Let d = 78 + -84. Let g be 2 - -3*12/9. Let z(f) = -2*f - 6 - 4*f**3 + 4*f**3 + f**3 + g*f**2. Calculate z(d).
6
Let d = 9 - 5. Let f(t) = t**3 + 6*t**2 + 4*t + 1. Let p(r) = -4*r**3 - 19*r**2 - 12*r - 2. Let w(i) = 7*f(i) + 2*p(i). What is w(d)?
19
Let l(n) = -4*n**3 - 3*n**2 + 1. Let z(j) = 2*j**3 + 24*j**2 - 26*j - 2. Let p be z(-13). What is l(p)?
21
Suppose -147 = 5*c - 157. Let o(y) be the third derivative of y**4/24 - y**3/3 - 4*y**2. Determine o(c).
0
Let s(u) = u**3 + 7*u**2 + u - 7. Suppose -13*p - 140 = 7*p. Determine s(p).
-14
Let p(a) = -a**3 - a + 1. Suppose 8 = 5*o - 3*j, 5*o - 4*j = j + 10. Suppose -4*q - 23 = s, -3*q = -0*q + 4*s + 14. Let k be (2 + o)*q/9. Calculate p(k).
11
Let p(f) = -f + 13. Let h(m) = -3*m + 38. Let g(z) = -3*h(z) + 8*p(z). What is g(0)?
-10
Let d(h) be the second derivative of -7*h**3/6 - 21*h**2/2 + h + 240. Give d(-3).
0
Let q(i) = i**3 - 4*i**2 - 4*i - 1. Let r be 4/8 + 27/(-6). Let v be (0 - r) + 3/3. Give q(v).
4
Let m(k) be the third derivative of k**6/120 - k**5/20 + k**4/12 + k**3/6 - k**2. Let b be (-6)/2 - (20 - 25). Calculate m(b).
1
Suppose 0 = -5*d - 7 - 13. Let p(r) = -r**3 + r - 1. Let o be p(-2). Let v(g) = 3 + 2 + 4 - o - g. Give v(d).
8
Suppose 36 = 70*z - 61*z. Let l(y) = -6*y + 5*y + 1 + 2 - 1. Calculate l(z).
-2
Let p = 51 - 30. Let v be ((-14)/p)/((-4)/30). Let d(r) = -r + v*r**2 + 8 + 0*r - 9. Give d(-1).
5
Let g(o) = o**3 - o + 8. Let b(y) = 2*y**2 - 2. Let q be b(-1). Let c be 3/3 + -1 - q. Determine g(c).
8
Let h(x) = x**2 + x. Let v(z) = 3*z**2 + 12*z - 1. Let k(m) = m**3 + 4*m**2 - 2*m - 6. Let n be k(-4). Let c(w) = n*h(w) - v(w). Calculate c(-10).
1
Let v(y) = -17*y - 2*y**2 + 13*y + 2 - 8 + y**2. Let o = 45 - 25. Suppose -k - o = 3*k. Give v(k).
-11
Let m(k) = -k**2 + 9*k + 24. Let g be m(11). Suppose 0*n = -g*z + 2*n - 4, 6 = -z + 2*n. Let p(c) = 4*c**2 - 3*c. Determine p(z).
10
Let n(d) = 6 - 2 + 8*d - 9*d. Give n(4).
0
Let h(i) = i**3 + i**2 - 4*i + 5. Let n be (-2375)/570 + 1/6. What is h(n)?
-27
Let i(k) = 17*k + 73. Let g(x) = -18*x - 73. Let a(u) = 5*g(u) + 6*i(u). Let v be a(-6). Let r(q) = 5*q**3 - 2*q**2 + q. Give r(v).
4
Let c(a) = -a - 5. Let n(o) = 6*o + 26. Let f = 30 - 46. Let m(v) = f*c(v) - 3*n(v). Give m(4).
-6
Let h(d) = 